of 229483?
2
What is the hundred thousands digit of 255000?
2
What is the tens digit of 182101?
0
What is the hundred thousands digit of 342932?
3
What is the hundred thousands digit of 3351167?
3
What is the ten thousands digit of 6295113?
9
What is the units digit of 4004318?
8
What is the hundred thousands digit of 673236?
6
What is the hundred thousands digit of 9865928?
8
What is the units digit of 737120?
0
What is the millions digit of 2331300?
2
What is the thousands digit of 926492?
6
What is the millions digit of 4987083?
4
What is the hundred thousands digit of 663135?
6
What is the ten thousands digit of 1579102?
7
What is the units digit of 2071924?
4
What is the tens digit of 1804?
0
What is the units digit of 1349582?
2
What is the ten thousands digit of 1489622?
8
What is the ten thousands digit of 701504?
0
What is the hundred thousands digit of 572653?
5
What is the tens digit of 20981323?
2
What is the ten thousands digit of 2737660?
3
What is the thousands digit of 117968?
7
What is the thousands digit of 95993?
5
What is the hundred thousands digit of 1862977?
8
What is the units digit of 882358?
8
What is the thousands digit of 191630?
1
What is the hundreds digit of 1537863?
8
What is the ten thousands digit of 7573675?
7
What is the hundred thousands digit of 6708768?
7
What is the thousands digit of 209162?
9
What is the thousands digit of 1983568?
3
What is the units digit of 1104847?
7
What is the thousands digit of 2569912?
9
What is the hundred thousands digit of 1142216?
1
What is the hundred thousands digit of 702936?
7
What is the hundreds digit of 1079776?
7
What is the hundreds digit of 7544311?
3
What is the units digit of 1738015?
5
What is the units digit of 2413713?
3
What is the hundreds digit of 524801?
8
What is the thousands digit of 12624771?
4
What is the thousands digit of 1944426?
4
What is the thousands digit of 10906996?
6
What is the millions digit of 23044905?
3
What is the units digit of 709867?
7
What is the hundreds digit of 172416?
4
What is the units digit of 1918632?
2
What is the thousands digit of 16061134?
1
What is the units digit of 411303?
3
What is the thousands digit of 998844?
8
What is the thousands digit of 28708897?
8
What is the thousands digit of 284073?
4
What is the ten thousands digit of 68954?
6
What is the thousands digit of 996081?
6
What is the units digit of 12537?
7
What is the thousands digit of 907488?
7
What is the units digit of 4453594?
4
What is the hundred thousands digit of 7104016?
1
What is the units digit of 633862?
2
What is the millions digit of 2989933?
2
What is the tens digit of 111078?
7
What is the hundreds digit of 157001?
0
What is the hundreds digit of 234113?
1
What is the units digit of 244842?
2
What is the ten thousands digit of 54598?
5
What is the thousands digit of 149976?
9
What is the hundreds digit of 1140981?
9
What is the ten thousands digit of 13888950?
8
What is the thousands digit of 1074171?
4
What is the thousands digit of 1346068?
6
What is the tens digit of 5224607?
0
What is the millions digit of 5323398?
5
What is the thousands digit of 5986408?
6
What is the thousands digit of 670149?
0
What is the millions digit of 12284026?
2
What is the thousands digit of 223747?
3
What is the thousands digit of 863269?
3
What is the tens digit of 122629?
2
What is the hundred thousands digit of 245154?
2
What is the units digit of 13588902?
2
What is the millions digit of 3731620?
3
What is the tens digit of 6122771?
7
What is the millions digit of 1437302?
1
What is the tens digit of 1416471?
7
What is the tens digit of 54111?
1
What is the ten thousands digit of 9952224?
5
What is the hundreds digit of 567647?
6
What is the hundreds digit of 339724?
7
What is the ten thousands digit of 776499?
7
What is the hundred thousands digit of 670217?
6
What is the hundreds digit of 37443?
4
What is the thousands digit of 597192?
7
What is the units digit of 205386?
6
What is the tens digit of 100859?
5
What is the thousands digit of 67967?
7
What is the millions digit of 1602714?
1
What is the ten thousands digit of 165760?
6
What is the ten thousands digit of 1088548?
8
What is the hundred thousands digit of 1631043?
6
What is the tens digit of 17261923?
2
What is the thousands digit of 255368?
5
What is the thousands digit of 1020169?
0
What is the thousands digit of 37451?
7
What is the units digit of 15147825?
5
What is the tens digit of 12564368?
6
What is the thousands digit of 6911380?
1
What is the units digit of 100652?
2
What is the hundred thousands digit of 29845533?
8
What is the thousands digit of 2126909?
6
What is the millions digit of 11792776?
1
What is the thousands digit of 5912976?
2
What is the millions digit of 2689926?
2
What is the tens digit of 246763?
6
What is the ten thousands digit of 6997097?
9
What is the hundreds digit of 198630?
6
What is the ten thousands digit of 974638?
7
What is the ten thousands digit of 68588?
6
What is the hundred thousands digit of 114770?
1
What is the tens digit of 16574617?
1
What is the thousands digit of 3411805?
1
What is the hundreds digit of 158266?
2
What is the hundreds digit of 4105?
1
What is the tens digit of 13667430?
3
What is the ten thousands digit of 587849?
8
What is the thousands digit of 2026867?
6
What is the hundreds digit of 4873486?
4
What is the ten thousands digit of 859717?
5
What is the ten thousands digit of 4969651?
6
What is the hundred thousands digit of 564312?
5
What is the units digit of 19643586?
6
What is the hundred thousands digit of 7264854?
2
What is the ten thousands digit of 46229?
4
What is the hundred thousands digit of 301427?
3
What is the units digit of 93193?
3
What is the units digit of 434735?
5
What is the tens digit of 260039?
3
What is the millions digit of 2204020?
2
What is the hundreds digit of 3475404?
4
What is the ten thousands digit of 1738487?
3
What is the hundreds digit of 5552199?
1
What is the millions digit of 12538952?
2
What is the ten thousands digit of 267970?
6
What is the tens digit of 2383000?
0
What is the units digit of 351685?
5
What is the millions digit of 16609536?
6
What is the thousands digit of 343717?
3
What is the thousands digit of 967336?
7
What is the tens digit of 4628809?
0
What is the ten thousands digit of 1367273?
6
What is the hundreds digit of 189925?
9
What is the units digit of 3232068?
8
What is the ten thousands digit of 24230235?
3
What is the tens digit of 2206163?
6
What is the millions digit of 18533969?
8
What is the hundred thousands digit of 304140?
3
What is the units digit of 343185?
5
What is the thousands digit of 349046?
9
What is the hundred thousands digit of 1673772?
6
What is the hundreds digit of 1764418?
4
What is the hundreds digit of 3291842?
8
What is the hundred thousands digit of 403992?
4
What is the units digit of 16203560?
0
What is the tens digit of 3681898?
9
What is the ten thousands digit of 7666491?
6
What is the tens digit of 205678?
7
What is the tens digit of 10625010?
1
What is the units digit of 445190?
0
What is the units digit of 203029?
9
What is the hundred thousands digit of 34168791?
1
What is the units digit of 34634?
4
What is the ten thousands digit of 937714?
3
What is the units digit of 18149256?
6
What is the tens digit of 37691139?
3
What is the units digit of 3694818?
8
What is the hundreds digit of 4033375?
3
What is the hundred thousands digit of 292911?
2
What is the thousands digit of 9322001?
2
What is the thousands digit of 4731707?
1
What is the hundred thousands digit of 1022966?
0
What is the thousands digit of 8350?
8
What is the tens digit of 26688?
8
What is the tens digit of 1371079?
7
What is the thousands digit of 775031?
5
What is the hundreds digit of 389076?
0
What is the hundreds digit of 114488?
4
What is the tens digit of 5999432?
3
What is the units digit of 437787?
7
What is the thousands digit of 3012918?
2
What is the tens digit of 2623925?
2
What is the ten thousands digit of 265715?
6
What is the units digit of 641492?
2
What is the tens digit of 554696?
9
What is the thousands digit of 1944094?
4
What is the ten thousands digit of 1542009?
4
What is the units digit of 2412530?
0
What is the hundreds digit 